greatest common divisor of 123 and 7452693.
123
Calculate the greatest common factor of 1169436 and 48.
12
What is the greatest common divisor of 28885 and 8480?
265
Calculate the greatest common divisor of 3456 and 93168.
144
Calculate the highest common factor of 436013 and 1.
1
What is the highest common divisor of 55 and 28787?
11
Calculate the greatest common factor of 64 and 1168672.
32
What is the highest common divisor of 47088 and 18?
18
Calculate the highest common factor of 170 and 179945.
85
What is the highest common divisor of 1043 and 163006?
149
Calculate the greatest common factor of 322016 and 1363.
29
Calculate the highest common divisor of 5208 and 357.
21
Calculate the highest common factor of 14 and 910882.
14
What is the greatest common divisor of 104 and 645996?
52
Calculate the highest common factor of 1664 and 8528.
208
Calculate the highest common divisor of 7768 and 14008.
8
What is the greatest common divisor of 51 and 1819?
17
What is the highest common factor of 8 and 48056?
8
Calculate the highest common factor of 35 and 3871.
7
Calculate the greatest common divisor of 1028 and 884594.
514
Calculate the highest common factor of 102947 and 104.
13
Calculate the highest common factor of 75811 and 235.
47
Calculate the greatest common factor of 792485 and 15.
5
Calculate the greatest common factor of 26496 and 7176.
552
What is the greatest common divisor of 1166 and 7810?
22
Calculate the highest common divisor of 272 and 172592.
16
What is the highest common divisor of 1674 and 2418?
186
What is the highest common factor of 333480 and 26040?
840
Calculate the highest common factor of 2158 and 962.
26
What is the greatest common divisor of 8584 and 666?
74
Calculate the greatest common divisor of 3533058 and 6.
6
What is the greatest common divisor of 430 and 38020?
10
What is the highest common factor of 173 and 2996533?
173
What is the highest common factor of 325601 and 110959?
1819
Calculate the highest common divisor of 2776 and 20.
4
What is the greatest common divisor of 11259088 and 16?
16
What is the highest common divisor of 42189 and 1617?
147
Calculate the greatest common divisor of 2170 and 5110.
70
Calculate the greatest common factor of 1207 and 11526.
17
What is the greatest common divisor of 2130 and 113884?
142
Calculate the highest common factor of 353 and 141200.
353
Calculate the highest common factor of 539 and 22583.
11
What is the greatest common divisor of 69 and 1400884?
23
What is the greatest common divisor of 456 and 189411?
57
What is the greatest common factor of 216 and 33885?
27
Calculate the highest common factor of 21750 and 30.
30
What is the greatest common divisor of 297100 and 100?
100
Calculate the greatest common factor of 213 and 11829.
3
What is the greatest common factor of 240 and 824790?
30
What is the greatest common divisor of 3683 and 6858?
127
Calculate the highest common factor of 833571 and 18.
9
What is the greatest common factor of 1210962 and 78?
6
What is the greatest common factor of 546063 and 42?
21
Calculate the highest common divisor of 11100 and 2850.
150
Calculate the greatest common factor of 5376 and 1984.
64
What is the greatest common factor of 7003608 and 72?
24
What is the highest common divisor of 6725 and 9146?
269
What is the highest common factor of 2850 and 2750?
50
Calculate the greatest common divisor of 311640 and 420.
420
What is the highest common factor of 20028 and 132?
12
Calculate the greatest common factor of 10836 and 202788.
1548
Calculate the greatest common factor of 3070 and 400328.
614
Calculate the highest common factor of 21735 and 240.
15
What is the highest common divisor of 45360 and 1261575?
2835
What is the highest common divisor of 2816 and 5472?
32
What is the highest common divisor of 389382 and 126?
42
What is the highest common factor of 700946 and 438?
146
What is the greatest common factor of 467294 and 31?
31
What is the highest common divisor of 103686 and 814?
22
What is the greatest common factor of 70 and 1687?
7
What is the highest common divisor of 22753 and 4849?
373
Calculate the highest common factor of 296038 and 544.
34
What is the greatest common factor of 21439 and 11?
11
What is the greatest common factor of 34788 and 299?
13
Calculate the highest common factor of 14182 and 966.
14
What is the highest common factor of 20 and 15150?
10
What is the highest common factor of 65 and 633503?
13
Calculate the greatest common divisor of 548037 and 693.
63
What is the greatest common divisor of 306 and 358290?
18
Calculate the greatest common divisor of 324 and 522.
18
What is the highest common factor of 100440 and 7080?
120
Calculate the greatest common factor of 32476 and 92.
92
What is the greatest common factor of 20 and 7324?
4
What is the highest common factor of 2076685 and 104?
13
What is the highest common divisor of 35024 and 528?
176
What is the highest common divisor of 143 and 10218?
13
What is the highest common divisor of 11 and 106205?
11
Calculate the greatest common divisor of 28 and 14304.
4
Calculate the highest common divisor of 1809515 and 10.
5
What is the greatest common divisor of 78 and 570180?
78
What is the greatest common factor of 105 and 33010?
5
Calculate the highest common factor of 40145 and 1211.
7
Calculate the highest common divisor of 7030 and 57.
19
What is the greatest common factor of 45291 and 58440?
1461
Calculate the greatest common divisor of 171 and 4226550.
57
Calculate the greatest common divisor of 2271 and 1240723.
757
Calculate the highest common divisor of 42813 and 378081.
603
Calculate the greatest common factor of 332 and 7872882.
166
What is the greatest common factor of 42042 and 1144?
286
What is the greatest common divisor of 44 and 55?
11
Calculate the greatest common factor of 24 and 49944.
24
Calculate the greatest common divisor of 58 and 2092814.
58
What is the highest common factor of 45420 and 91597?
757
Calculate the greatest common factor of 3537 and 39300.
393
What is the highest common divisor of 110 and 180?
10
Calculate the highest common divisor of 1105 and 1560.
65
What is the highest common factor of 486 and 8934?
6
Calculate the greatest common factor of 355005 and 690.
345
Calculate the greatest common divisor of 117 and 9549.
9
What is the greatest common factor of 184053 and 228?
57
Calculate the highest common divisor of 45 and 67395.
15
What is the highest common factor of 8776704 and 32?
32
Calculate the greatest common factor of 282 and 254160.
6
What is the highest common factor of 18090 and 1203990?
2010
Calculate the greatest common divisor of 1315 and 15665.
5
What is the greatest common factor of 1440 and 7110?
90
Calculate the greatest common factor of 67837 and 3619.
77
What is the greatest common divisor of 817 and 1558?
19
What is the greatest common divisor of 1418663 and 23?
23
What is the highest common divisor of 1089 and 113377?
121
Calculate the highest common factor of 28 and 711844.
28
What is the greatest common factor of 184 and 257738?
46
What is the greatest common factor of 2340 and 4260?
60
Calculate the highest common divisor of 418 and 668002.
38
What is the greatest common factor of 17985 and 18711?
33
Calculate the greatest common factor of 565 and 343746.
113
Calculate the highest common factor of 91 and 19084.
13
Calculate the highest common factor of 550275 and 348.
87
Calculate the highest common factor of 17819 and 865.
173
What is the greatest common divisor of 63 and 781371?
9
What is the highest common factor of 105130 and 10?
10
What is the highest common factor of 252 and 481908?
84
What is the greatest common factor of 174376 and 1704?
568
Calculate the greatest common divisor of 129582 and 414.
414
Calculate the highest common factor of 145 and 6065.
5
Calculate the highest common factor of 40 and 540744.
8
Calculate the highest common factor of 4 and 2735828.
4
Calculate the highest common divisor of 135 and 783.
27
Calculate the greatest common factor of 8022 and 1218.
42
Calculate the highest common factor of 3447 and 18801.
9
Calculate the highest common factor of 7182702 and 36.
18
Calculate the highest common divisor of 1568 and 10808.
56
What is the highest common factor of